23 is divided by 54?
51
Calculate the remainder when 73 is divided by 38.
35
Calculate the remainder when 405 is divided by 24.
21
Calculate the remainder when 418 is divided by 206.
6
What is the remainder when 508 is divided by 103?
96
Calculate the remainder when 206 is divided by 108.
98
What is the remainder when 431 is divided by 16?
15
Calculate the remainder when 826 is divided by 59.
0
What is the remainder when 6047 is divided by 336?
335
What is the remainder when 781 is divided by 87?
85
What is the remainder when 443 is divided by 28?
23
What is the remainder when 1807 is divided by 432?
79
What is the remainder when 110 is divided by 27?
2
What is the remainder when 119 is divided by 21?
14
Calculate the remainder when 1229 is divided by 177.
167
Calculate the remainder when 131 is divided by 66.
65
What is the remainder when 312 is divided by 216?
96
Calculate the remainder when 335 is divided by 30.
5
Calculate the remainder when 4071 is divided by 77.
67
Calculate the remainder when 1579 is divided by 33.
28
Calculate the remainder when 287 is divided by 94.
5
What is the remainder when 24 is divided by 22?
2
What is the remainder when 4130 is divided by 1017?
62
What is the remainder when 5 is divided by 1?
0
Calculate the remainder when 105 is divided by 51.
3
What is the remainder when 125 is divided by 32?
29
What is the remainder when 1229 is divided by 154?
151
What is the remainder when 556 is divided by 35?
31
Calculate the remainder when 685 is divided by 130.
35
What is the remainder when 177 is divided by 48?
33
What is the remainder when 165 is divided by 19?
13
Calculate the remainder when 3244 is divided by 1079.
7
Calculate the remainder when 287 is divided by 16.
15
What is the remainder when 168 is divided by 31?
13
Calculate the remainder when 38 is divided by 27.
11
Calculate the remainder when 998 is divided by 144.
134
What is the remainder when 1323 is divided by 74?
65
Calculate the remainder when 315 is divided by 29.
25
What is the remainder when 173 is divided by 66?
41
What is the remainder when 25 is divided by 2?
1
Calculate the remainder when 159 is divided by 23.
21
Calculate the remainder when 46 is divided by 43.
3
What is the remainder when 73 is divided by 54?
19
What is the remainder when 581 is divided by 29?
1
Calculate the remainder when 269 is divided by 72.
53
What is the remainder when 525 is divided by 76?
69
What is the remainder when 174 is divided by 45?
39
What is the remainder when 229 is divided by 72?
13
What is the remainder when 73 is divided by 6?
1
Calculate the remainder when 258 is divided by 93.
72
Calculate the remainder when 604 is divided by 55.
54
What is the remainder when 122 is divided by 25?
22
What is the remainder when 677 is divided by 19?
12
What is the remainder when 449 is divided by 50?
49
Calculate the remainder when 56 is divided by 13.
4
Calculate the remainder when 3818 is divided by 15.
8
Calculate the remainder when 199 is divided by 89.
21
What is the remainder when 283 is divided by 30?
13
What is the remainder when 322 is divided by 36?
34
Calculate the remainder when 722 is divided by 226.
44
What is the remainder when 13284 is divided by 182?
180
Calculate the remainder when 104 is divided by 8.
0
What is the remainder when 39 is divided by 13?
0
What is the remainder when 175 is divided by 22?
21
Calculate the remainder when 371 is divided by 94.
89
What is the remainder when 181 is divided by 105?
76
Calculate the remainder when 548 is divided by 107.
13
Calculate the remainder when 183 is divided by 58.
9
What is the remainder when 2904 is divided by 35?
34
Calculate the remainder when 16990 is divided by 96.
94
Calculate the remainder when 41 is divided by 15.
11
Calculate the remainder when 1635 is divided by 23.
2
Calculate the remainder when 7257 is divided by 19.
18
What is the remainder when 142 is divided by 6?
4
What is the remainder when 286 is divided by 41?
40
Calculate the remainder when 179 is divided by 42.
11
What is the remainder when 679 is divided by 76?
71
Calculate the remainder when 151 is divided by 7.
4
What is the remainder when 1508 is divided by 55?
23
What is the remainder when 2092 is divided by 6?
4
Calculate the remainder when 1694 is divided by 290.
244
Calculate the remainder when 348 is divided by 70.
68
Calculate the remainder when 69 is divided by 13.
4
What is the remainder when 4213 is divided by 24?
13
Calculate the remainder when 245 is divided by 243.
2
Calculate the remainder when 87 is divided by 18.
15
Calculate the remainder when 245 is divided by 21.
14
What is the remainder when 108 is divided by 32?
12
What is the remainder when 659 is divided by 10?
9
What is the remainder when 239 is divided by 11?
8
What is the remainder when 2576 is divided by 43?
39
Calculate the remainder when 1460 is divided by 34.
32
What is the remainder when 124 is divided by 32?
28
Calculate the remainder when 5641 is divided by 31.
30
Calculate the remainder when 392 is divided by 66.
62
Calculate the remainder when 180 is divided by 21.
12
Calculate the remainder when 4094 is divided by 117.
116
What is the remainder when 415 is divided by 86?
71
What is the remainder when 360 is divided by 20?
0
What is the remainder when 1492 is divided by 151?
133
What is the remainder when 969 is divided by 44?
1
What is the remainder when 85 is divided by 25?
10
What is the remainder when 837 is divided by 84?
81
What is the remainder when 4773 is divided by 14?
13
Calculate the remainder when 835 is divided by 27.
25
Calculate the remainder when 316 is divided by 64.
60
What is the remainder when 1361 is divided by 450?
11
What is the remainder when 444 is divided by 63?
3
Calculate the remainder when 102 is divided by 15.
12
Calculate the remainder when 168 is divided by 84.
0
What is the remainder when 244 is divided by 26?
10
What is the remainder when 203 is divided by 55?
38
What is the remainder when 442 is divided by 42?
22
Calculate the remainder when 106 is divided by 12.
10
What is the remainder when 276 is divided by 10?
6
Calculate the remainder when 248 is divided by 86.
76
What is the remainder when 669 is divided by 67?
66
Calculate the remainder when 1409 is divided by 389.
242
What is the remainder when 2669 is divided by 33?
29
Calculate the remainder when 3756 is divided by 31.
5
Calculate the remainder when 1048 is divided by 35.
33
Calculate the remainder when 128 is divided by 43.
42
Calculate the remainder when 24057 is divided by 46.
45
Calculate the remainder when 335 is divided by 8.
7
Calculate the remainder when 39 is divided by 32.
7
What is the remainder when 730 is divided by 166?
66
Calculate the remainder when 310 is divided by 36.
22
What is the remainder when 11 is divided by 2?
1
Calculate the remainder when 2240 is divided by 9.
8
Calculate the remainder when 279 is divided by 11.
4
Calculate the remainder when 2272 is divided by 1136.
0
What is the remainder when 967 is divided by 265?
172
What is the remainder when 70 is divided by 24?
22
Calculate the remainder when 129 is divided by 69.
60
Calculate the remainder when 328 is divided by 47.
46
What is the remainder when 230 is divided by 59?
53
Calculate the remainder when 89 is divided by 15.
14
What is the remainder when 5107 is divided by 35?
32
What is the remainder when 68 is divided by 63?
5
Calculate the remainder when 614 is divided by 44.
42
Calculate the remainder when 1929 is divided by 114.
105
Calculate the remainder when 61 is divided by 27.
7
What is the remainder when 6139 is divided by 245?
14
What is the remainder when 2475 is divided by 146?
139
Calculate the remainder when 847 is divided by 71.
66
Calculate the remainder when 213 is divided by 28.
17
Calculate the remainder when 6887 is divided by 168.
167
What is the remainder when 3462 is divided by 15?
12
Calculate the remainder when 1275 is divided by 21.
15
What is the remainder when 38 is divided by 9?
2
What is the remainder when 179 is divided by 158?
21
Calculate the remainder when 892 is divided by 30.
22
Calculate the remainder when 77 is divided by 76.
1
What is the remainder when 226 is divided by 226?
0
Calculate the remainder when 174 is divided by 